test common factor of 11 and u.
11
Suppose -6*t + 4*t + 22 = 0. Calculate the highest common divisor of t and 88.
11
Suppose 2*n - 56 = -4*g, -5*n + 0*n + 164 = 4*g. What is the greatest common divisor of 72 and n?
36
Suppose 2*c = 7*c - 15. Suppose -2 = -3*n + 1. Calculate the highest common factor of c and n.
1
Let y = 6 - -23. Suppose r = 2*p - y, -5*p + 6*r + 85 = r. What is the highest common factor of p and 3?
3
Let h be ((-102)/4 - 2)*216/(-135). What is the greatest common factor of h and 33?
11
Let u(o) = -o**3 - 3*o**2 + 8. Let t be u(-3). What is the highest common factor of t and 32?
8
Let b(r) = -29*r**2 - 2*r + 1. Let a be b(2). Let s = a + 219. What is the highest common divisor of 20 and s?
20
Suppose -3*d = -6, -2*h = -2*d - 3*d - 240. What is the highest common factor of h and 50?
25
Suppose -5*t + 5 = -0. Let i be 180/(-75)*t*-10. What is the greatest common divisor of i and 3?
3
Let f = -1 - 4. Let z = f - -20. Calculate the highest common factor of 105 and z.
15
Let w = 16 - 13. Suppose 2*a - 3*c = 79, -133 = -4*a - w*c + 4*c. Let q = -7 - -11. What is the highest common divisor of a and q?
4
Suppose -r = 2*r - 5*x - 70, -4*r + 85 = -5*x. What is the greatest common divisor of 15 and r?
15
Suppose -3*n + 7*n + 48 = k, -2*n - 38 = -k. Calculate the highest common factor of 70 and k.
14
Suppose -40 = -6*j + j. Suppose -2*d + 0*d + j = 0. Suppose 0 = -l, l - 147 = -d*b + 337. What is the highest common divisor of b and 11?
11
Let x(p) = p**2 + 9*p + 2. Let i be x(-8). Let c be (44/i)/((-4)/42). What is the highest common factor of c and 11?
11
Let r = 4 + 7. What is the greatest common factor of 88 and r?
11
Suppose 2*c + 4 = 8. Calculate the highest common divisor of c and 14.
2
Suppose 6*f - 950 = -932. Let w(c) = c**3 - c**2 - 2. Let q be w(2). Calculate the highest common divisor of q and f.
1
Let m = -19 - -35. Let u be (24/(-15))/(1/(-50)). Calculate the greatest common factor of m and u.
16
Let t(c) = 11*c + 8. Let q be t(8). Let o = q - 68. Calculate the highest common divisor of 4 and o.
4
Let a be (-44)/3 + (-9)/27. Let d be (-2 - 1)*40/a. Calculate the highest common factor of 8 and d.
8
Let r(w) = 5*w - 1. Let h be r(3). Calculate the highest common factor of 2 and h.
2
Suppose 4*l + 0*l - 11 = 5*g, 18 = 5*l - 2*g. What is the highest common factor of l and 20?
4
Let z(c) = 2*c**2 + 4*c - 2. Let y be z(-4). Let d = 18 + -11. Calculate the highest common divisor of y and d.
7
Suppose 0 = 4*o + 2*y + 3*y - 264, -66 = -o - 3*y. Suppose 0 = 25*q - 22*q - o. What is the greatest common factor of q and 33?
11
Let v = 46 - 18. Suppose 5*g + 25 + v = -2*c, 0 = -5*g - 15. Let l = c + 29. What is the greatest common divisor of 4 and l?
2
Let k(t) = -t**3 - 5*t**2 + 7*t + 8. Let x be k(-6). Suppose -5*i - 122 = -4*c - 22, 4*c - x*i - 88 = 0. What is the greatest common divisor of 50 and c?
10
Let b(j) = 3*j**2 + 14*j. Let h be b(-5). What is the highest common divisor of h and 55?
5
Let h(t) = t**2 + 2*t - 3. Let v be h(-5). Suppose -9*x + 4*x = -30. Calculate the highest common factor of v and x.
6
Let l = -6 - -4. Let c be (-1)/2 + (-577)/l. Suppose 3*k + 129 = 2*w, 0 = 4*w + w + 4*k - c. What is the highest common factor of 24 and w?
12
Let u(f) = 9*f**2 - 3*f + 1. Let r be u(2). What is the highest common divisor of 341 and r?
31
Let w = 6 + -8. Let q be (-7)/w*(2 + 0). Calculate the highest common factor of q and 35.
7
Let r(m) = -m**3 - m**2 + 3*m + 1. Let l = -3 - -1. Let n be r(l). Let f be (n + 10)/((-9)/(-6)). Calculate the greatest common divisor of f and 6.
6
Suppose -6*w = -w + 25. Let o(t) = -t**2 - 5*t - 4. Let q be o(w). Let n be 2/(-8) - 361/q. Calculate the greatest common factor of 36 and n.
18
Let h be (-1 - 2)*28/(-21). Suppose -4*a + 3 + 1 = 0, 0 = -h*q + 3*a + 25. Let l = 15 - q. Calculate the highest common factor of l and 8.
8
Suppose 3*l + 5*t - 26 = 0, -12*l + 3*t + 66 = -7*l. Calculate the greatest common factor of l and 16.
4
Suppose -3*t - 22 = -2*p, 2*t + 5 = p - 4. Calculate the greatest common factor of p and 51.
17
Let p = -52 - -57. What is the highest common factor of 15 and p?
5
Let n(a) = a**3 - 5*a**2 - 3. Let x(k) = k**3 - 5*k**2 + k - 4. Let j(w) = -2*n(w) + 3*x(w). Let i be j(5). What is the highest common factor of 9 and i?
9
Suppose 0 = 7*a - 45 - 4. Calculate the greatest common divisor of a and 7.
7
Let c be (2/6)/((-2)/(-228)). Suppose 16 = 3*p - c. Calculate the highest common factor of 2 and p.
2
Let f = -28 - -237. Let c be 5 + (-21)/9*-6. Calculate the highest common factor of f and c.
19
Suppose 4*j = 6*j. Suppose 4*h - 150 - 174 = j. What is the greatest common divisor of h and 9?
9
Suppose -3*t = -3*u - 9 + 30, -2*t - u + 1 = 0. Let b(i) = 0*i - 2*i + 2 + 4*i - 5*i. Let v be b(t). What is the highest common divisor of 56 and v?
8
Suppose -5*t = -3*s - s - 49, t - 5*s = 14. Suppose 5*z - j - 2*j = 5, 5*z = 4*j + 5. Suppose -p + z = -0*p. What is the highest common divisor of t and p?
1
Let n = 16 - 9. Let w = -29 - -36. Calculate the highest common divisor of w and n.
7
Let f be (-10)/(-3)*6/4. Suppose -27 = -2*y - 3*p - 5, f*p + 66 = 4*y. What is the highest common divisor of 70 and y?
14
Let s = 62 + 37. Calculate the highest common factor of 66 and s.
33
Suppose -2*c + 22 = 4*y, -c - 3*y = 3*c - 54. Calculate the greatest common factor of c and 30.
15
Let j = -465 + 707. What is the greatest common factor of j and 22?
22
Suppose 0*n - 18 = -3*n. Suppose 0 = -n*b + 3*b + 21. What is the highest common divisor of b and 63?
7
Let n be 4/6*-3*-22. Let f be (-553)/(-5) + (-63)/105. What is the greatest common factor of f and n?
22
Suppose -s - 4 = -9. Suppose s*p - 265 = 5*n, -p + 204 = 3*p + 4*n. What is the highest common factor of 78 and p?
26
Let r(x) = -14*x + 4. Let g be r(-4). Let p be (-1838)/(-10) - (-12)/g. Let s = -26 - -49. What is the highest common factor of p and s?
23
Let v = -53 + 75. What is the greatest common divisor of 176 and v?
22
Let p be 20/6*18/12. Let k be (-5)/p + 33 + -2. Calculate the greatest common divisor of 120 and k.
30
Suppose -24 = 3*p - 4*p + 4*k, 4*k + 8 = -p. What is the highest common factor of 40 and p?
8
Let m be ((-12)/18)/((-2)/30). Suppose -2*l = -m, n + l + 19 = 4*n. What is the highest common divisor of n and 56?
8
Suppose h - 73 = 9. Let v = h - 43. Suppose -54 = -3*u + 3*c - 0*c, -c - 5 = 0. What is the greatest common factor of u and v?
13
Suppose -1 = -2*z - 3*n + 3, z + 2*n - 2 = 0. Let b be (-31)/(-2) + (-3)/z. Suppose -4*k - 98 = -5*k. Calculate the greatest common divisor of b and k.
14
Let f(i) = i**2 + 2*i + 5. Suppose -p = l + 9, -2*p = 4*l + l + 30. Let m be f(p). What is the greatest common factor of m and 60?
20
Suppose 0 = 8*z - 9*z + 44. Let s be ((-8)/(-20))/((-2)/(-20)). What is the highest common factor of z and s?
4
Let n be 1/(-1)*(6 + -1). Let j be n/(-30) + 46/12. Calculate the greatest common factor of 10 and j.
2
Let p be 1 - (-2 + (3 - 3)). Let t(i) = 5*i**2 + 2*i - 1. Let b be t(p). What is the highest common divisor of b and 20?
10
Suppose 8*g - 81 = 3*g - 3*m, -3*g + m + 57 = 0. Let l(v) = v**2 - 2*v + 4. Let t be l(4). What is the highest common factor of g and t?
6
Let v = 15 + -6. Let d be 98 + (-1 - (0 - 3)). Suppose -2*s + 98 = -d. Calculate the highest common factor of v and s.
9
Suppose 2 = q - 3*d, 0 = 3*q + 2*q + 2*d - 95. Suppose j + 48 = 3*j - 4*m, 2*m + 126 = 4*j. What is the greatest common factor of j and q?
17
Let v = 66 + -41. Suppose -3*i - 15*t + 684 = -12*t, -t - 897 = -4*i. Calculate the highest common factor of i and v.
25
Let w(h) = -h**3 + 7*h**2 - 6*h. Let p be w(4). Let x(k) = -k**2 + 1. Let a be x(-8). Let o be 2/(-9) - 2282/a. Calculate the highest common divisor of p and o.
12
Suppose 2*b - 4*o = 4*b - 6, -1 = -b - 3*o. Let x be 1450/6 + b/21. What is the highest common divisor of 22 and x?
22
Let o(z) = 57*z**3 - z**2 + 1. Let u be o(1). Calculate the greatest common divisor of 19 and u.
19
Suppose -y + 45 = -39. What is the highest common factor of 12 and y?
12
Let d(v) = -5*v - 1. Let g be d(-5). Calculate the highest common factor of 3 and g.
3
Let s = -91 + 159. Calculate the greatest common factor of s and 17.
17
Suppose -30 = -3*g + 2*p, -5*g + 5*p + 23 = -27.